 + (-1 - -14) + 7).
-13
Calculate 37 - 17 - (-2 - 3) - 8.
17
What is the value of (8 - (-3 + (14 - -2))) + -12?
-17
What is the value of 13 + (0 - (20 - 7))?
0
Evaluate 2 - (21 - (3 + (-4 - -8))).
-12
Evaluate (16 + 0 - -5) + -7 + -8.
6
Calculate 5 + (4 - 5 - 4) + -9 + -11.
-20
Evaluate (-17 - 30) + (30 - -10).
-7
What is the value of (23 - 8) + -16 + (5 - 0) + 1?
5
What is 10 + (-15 + 4 - -3 - -4) - 11?
-5
-11 + (18 - (-14 + 4 + 8))
9
Calculate -7 - (0 + (3 - (22 + -6) - -8)).
-2
What is the value of 63 + (27 - (33 - -27))?
30
-10 + 3 + -3 - -13
3
What is -4 - -23 - (45 - 36)?
10
Evaluate 43 - 41 - (0 + 8) - -14.
8
What is the value of 10 + -1 - (-136 - -133)?
12
Evaluate 4 + 24 + -15 + -21.
-8
Calculate 3 - (37 - -2 - 27 - (1 - 10)).
-18
What is the value of -4 + 0 + (18 - 17)?
-3
Calculate 12 - (5 - 16) - 22.
1
(-13 + (82 - 25) - 20) + 0 + 4
28
What is the value of (-8 + 4 - -7) + 2 - 4?
1
6 + 0 + 9 - (-6 + 9)
12
What is the value of 1 + -4 + -4 + (-79 - -91)?
5
Evaluate -21 + 7 + (10 - (0 + 9 + 8)).
-21
Calculate 4 + -4 - (18 + -35 - -14).
3
(-3 - (-3 + 2)) + -5 + (21 - 30)
-16
-10 + 22 + -7 - (-1 - 0)
6
-13 - ((14 - 27) + 15)
-15
What is the value of 5 + 7 + -16 + 5 - 4?
-3
What is -2 + -2 + 1 + 4 + 0?
1
What is the value of 8 - 18 - -3 - (-7 + -1 + 2)?
-1
Calculate -2 + 13 + (15 - 6 - 16).
4
What is -13 + (33 - (22 - -23))?
-25
Evaluate 21 + (-7 - 2) - (-3 - -10).
5
Evaluate (0 - -13 - 16) + 35 + -3 + 1.
30
What is -3 + (8 - -10 - 13) + -18?
-16
(-2 + 5 + -2 - 0) + 0 + 3
4
What is (14 - (8 + 0 + 1)) + 17 - 12?
10
Calculate 2 + (0 - (3 + 9)) - -1.
-9
Calculate -37 + 36 + -7 - (14 + 3).
-25
Evaluate -10 - 8 - (8 - (26 + -18)).
-18
Calculate -7 + (1 - (-5 - -3 - (6 - 2))).
0
(-12 + 9 + 14 - 30) + 33
14
Calculate 6 + -6 + -10 + -1.
-11
What is 5 - (14 - (44 + -18))?
17
-2 + (-10 - (2 + -8)) + -15
-21
What is the value of -4 + 3 + (6 - (6 - 13 - 1))?
13
Calculate (-17 - (20 + -26)) + 27.
16
272 + -277 + 27 + 0 + 0
22
Evaluate 1 + (-2 - 0) + 4 - (-12 - -7).
8
Calculate 5 + (16 - 7 - (14 + -12)).
12
Evaluate 18 + -38 + 14 - 23.
-29
What is the value of (-10 - -17 - 5) + 11?
13
What is -36 + 0 - (149 + -158)?
-27
Evaluate (1 - 3) + 32 + -36 + (-10 - -38).
22
-4 - (-8 + -2 + 5 + 1 + 4)
-4
What is the value of 5 - (18 - 4) - -14?
5
What is the value of 15 - 34 - (-41 + 43)?
-21
Calculate (66 - 79) + (10 - 2).
-5
Calculate 1 + -1 - (3 + (-22 - (-3 + -14))).
2
(-9 - -12 - -3) + -1
5
What is the value of 31 + (3 - -5) - (-34 + 43)?
30
What is -13 + (-30 + 13 - -3) + 23?
-4
What is the value of 2 + 5 + -5 + 3 + (1 - 6)?
0
Evaluate -11 - (11 - (20 + -11)).
-13
Calculate 16 - (1 + (-8 - (12 - 5))).
30
What is 5 + (-28 - 0) - -11?
-12
Evaluate 22 + -2 + (16 - 35).
1
Calculate -15 + 16 + (14 - 19) + 2.
-2
-21 + 19 + -30 + 11 + 8
-13
What is -25 + -4 + (6 - -8)?
-15
Calculate (-4 - -13) + (5 - (-6 + 18)).
2
(-172 - -197) + 3 + -36
-8
Calculate 10 - (30 + -2 + -21).
3
Evaluate 2 + (0 - (-10 + 7)) + (7 - 2).
10
-11 - -1 - 0 - (7 + (45 - 38))
-24
Calculate (2 + -12 - 9) + 4 - 1.
-16
What is -15 - (-11 - (13 - 20))?
-11
What is the value of (18 - 11 - 14) + 2 + (4 - 31)?
-32
What is -9 - 0 - (-2 - -1)?
-8
What is the value of -1845 - -1862 - (-1 + 17)?
1
What is 59 - (64 - -4) - (-2 - 1)?
-6
What is the value of -17 + (-21 + 27 - 3)?
-14
Calculate -27 + 6 + 1 + -2 - (-8 - -6).
-20
What is the value of -5 + 5 + (-6 - (-2 + 3)) - 0?
-7
What is the value of 5 + -18 - -9 - (-18 + 1)?
13
Calculate -17 - (10 + -15) - (8 - 0).
-20
What is 3 + (2 - (7 + -2 + 0 - 7))?
7
Calculate -11 + (7 - (-10 + 2)) + -11.
-7
What is the value of (-4 - (-3 + 5)) + 7 + 11 + 1?
13
-4 - (-10 - -13) - -7
0
-1 + (-6 - -14) + -5 + 5 + 5
12
What is the value of 12 + -3 + (-1 - 3 - -14 - 1)?
18
What is the value of 40 + -19 + (-2 + -1 - -9)?
27
What is 4 + (18 + -10 - (-4 + 10))?
6
Evaluate (126 - 134) + (2 - -18).
12
What is -4 - (3 - (-1 + (-11 - -15)))?
-4
22 + -48 + -39 + 17 - (-11 + 1)
-38
Evaluate 23 + 28 + 8 - 34.
25
Calculate 2 - (3 - -4 - (-30 + 36)) - 8.
-7
Evaluate -11 + -4 - (-24 + -2).
11
Evaluate -839 - -877 - (20 - 2).
20
Evaluate -1 + 19 + ((21 - 54) + 24 - -14).
23
What is 30 + -22 - (23 + 0 + 2)?
-17
What is the value of -36 + (18 - 6) + 12 + -3?
-15
What is the value of 3 + (-7 - 1) - (-2 - (-17 + 12))?
-8
Evaluate 0 + 5 - (-46 + 36 - (-8 - -1)).
8
What is the value of 2 + (23 - (-4 - -2)) + -13?
14
3 + -22 + 3 - (-12 - -19)
-23
Evaluate 3 + (8 - 2) - (-26 - -39).
-4
Calculate -34 - (-30 + 67 - 70).
-1
(-8 - -7) + (6 - (2 + -2))
5
What is the value of 9 + -14 + (5 - 1)?
-1
Evaluate -2 - (39 + -32 - (4 + 1)).
-4
Calculate -23 + (2 + 5 + -46 + 39 - -8).
-15
Calculate 17 - (10 + (10 - (0 - 6))).
-9
What is the value of 14 - -1 - (24 - (-44 - -45))?
-8
Calculate -12 + (-7 - -14 - 8) + (9 - 12).
-16
What is 1 - -15 - (7 + (-6 - (-3 + 0)))?
12
(8 - (24 + -2)) + (-2 - (-4 + 3))
-15
What is -7 + 3 + (-5 - -6 - -10) + -8?
-1
Calculate 2 + (-35 - -12 - -15).
-6
What is (11 - 3) + -1 + (-1 - -4) + -5?
5
Calculate -5 - -31 - (0 + 21).
5
What is -6 + (-22 - -13) + 5?
-10
What is the value of 6 + -14 + (58 + -51 - (3 + -1))?
-3
What is 3 + 6 + -66 + 68?
11
What is the value of (-25 - (-22 + 6)) + -1?
-10
Calculate -5 - ((-28 - -9) + 12 - -25).
-23
What is (7 - 2 - (-29 + 39)) + (1 - 11)?
-15
Calculate 4 - (2 - ((-10 - 0) + -3) - 0).
-11
Evaluate (14 + -6 - (3 - -2)) + -3 + -4.
-4
What is 6 - (-11 + 60 + -28)?
-15
3 + (3 - (0 - (8 - 7 - 4)))
3
What is 13 - (9 + (3 - (4 - 0)))?
5
Calculate 10 - (13 - -4) - 1.
-8
What is the value of (13 + (6 - 12) - 3) + (13 - -1)?
18
What is the value of 1 - ((60 - 52) + -1 + -19 + -4)?
17
9 + 5 + 9 + -27 + 5
1
Evaluate (-8 - (-8 + 16 - 28)) + -13.
-1
-1 + (-17 - -23) - -11
16
What is the value of -9 - (-1 + -7 + 10)?
-11
128 - 140 - (0 - (7 + 0))
-5
Evaluate (-16 - -1) + -10 + 24 + 1.
0
What is 22 + -10 - 6 - 8?
-2
Evaluate -9 + 2 - (5 + -66 - -46).
8
What is the value of (9 + -10 - (2 + 1)) + -6?
-10
Calculate -7 + 24 + -46 + 7.
-22
What is the value of -3 + 21 + (229 - 277)?
-30
What is -1 + -2 + (83 - (-67 - -109))?
38
Calculate (-2 - -1) + 5 + 10 + -47 + 36.
3
-8 + 7 + -1 + 11 + 3
12
Evaluate -6 - (17 + -10) - -10.
-3
Evaluate (24 - 15 - 9) + (0 - -3 - 4).
-1
What is the value of 16 + (-3 - 10) - 9?
-6
Calculate -3 - (9 + -2) - -6.
-4
What is -1 + 2 - (-18 + 15 - 15)?
19
What is (-5 - -3) + -4 - (-14 + (-5 - -10))?
3
What is the value of (-59 - -8) + 57 + -1 + 18?
23
What is 12 + -1 + -7 - -4?
8
Calculate -8 + -19 + (24 - (11 + 0)).
-14
What is the value of -101 + 94 + (2 - -13) + 1 + -19?
-10
What is the value of -30 - (-16 - 16 - -18) - -26?
10
Evaluate 18 + (-4 - (5 - -2)) + 5 + 0.
12
Calculate -3 - 2 - 0 - (-11 + 8 - -10).
-12
What is the value of 39 + -3 + (0 - -1 - (30 + -24))?
31
What is -1 + 1 - ((11 + -16 - -20) + 10)?
-25
159 + -158 - (5 + 23 - 5)
-22
What is -2 + 3 + (-7 - (-12 - -2 - -2))?
2
What is the value of -17 + 35 - (17 + 12 + -14)?
3
What is -4 + 4 + -3 + -1 - (1 - -2)?
-7
Calculate (-2 - -1 - (-28 + 10)) + (-1 - -5).
21
7 - ((21 - 10) + 10)
-14
Evaluate 5 + -17 + 43 + -6.
25
Evaluate 9 - (37 - 11) - (-7 + 0).
-10
Calculate (-5 - 0) + (9 - (-52 + 62)).
-6
What is (8 - 20) + 6 + 29 + -2?
21
What is the value of (27 - 25 - 0) + (0 - (1 + 15))?
-14
Evaluate -1 + -33 - -6 - -9.
-19
What is 33 + -5 + -24 + -6?
-2
What is 5 + (-35 - (1 - (-9 - -10)) - -5)?
-25
Calculate (-4 - -2) + 7 + (9 - (44 + -38)).
8
15 + ((-15 - 1) + 5 - -4)
8
Evaluate -18 + (-20 + (13 - (5 - -3)) - -7).
-26
What is (330 - 312) + -32 + -1?
-15
Calculate 22 - (-4 - (-1 - 8) - -9 - 3).
11
8 - (-80 - -55 - (-1 - 11))
21
-16 + 7 + 7 + (-12 - -9)
-5
What is (3 - (2 - -10)) + 20 + -1 + 1?
11
Calculate (44 - 16) + -24 + -20.
-16
What is (-1 - (-1 + -10)) + (23 - 10 - 8)?
15
What is the value of -21 + 12 + 13 + 7?
11
1 + -3 - (0 + (0 + -1 - -15))
-16
What is -46 + 27 - (-16 - 7)?
4
What is -11 - (13 + (-3 - 27))?
6
Evaluate -1 - (-1 + -2 + (-8 - -23)).
-13
Calculate -12 - (-39 + 42) - (0 - 0 - 5).
-10
Calculate (99 - 102) + -3 + (36 - (-4 - 0)).
34
What is the value of (2 - 15) + 18 + (-2 - (11 - 1))?
-7
What is -15 - (25 - (-10 - -31))?
-19
Evaluate -2 - (-7 + (22 - (-2 - (5 + -9)))).
-15
What is the value of 10 - ((-2 - -13) + (80 - 88))?
7
What is (7 - 5 - (-3 + 